Calculate (207 - 167) + (-2 - -10 - 103).
-55
28 - 3 - (19 + (-26 + 34 - 145))
143
51 + -413 + 433 + (1 - 45)
27
-3 - (68 + 44 + -99)
-16
Calculate -14 - (-11 + 9 + 7 + 19 + 18).
-56
What is 1 - (-3 - 8 - (51 + -44))?
19
What is -3 + -53 + (-19 - -62) + (1 - 27)?
-39
What is the value of -37 - (9 - (7 + -8 + (1 - -2) + 5))?
-39
What is the value of -9 + (66 - (15 + 0)) - -9?
51
Evaluate (0 - (4 - 12)) + -11 + (14 - (-3 + -1)).
15
Calculate 15 - (-128 + 114) - 17.
12
-201 + 110 - (-5 + -10)
-76
What is the value of (24 - -1) + -57 + 47 + (25 - 0) + -8?
32
What is the value of ((-151 - -48) + 37 - -52) + 52 + -1?
37
-49 - (5 + 29) - 0
-83
What is (-21 - (3 + -1)) + -1118 + 1106?
-35
Calculate (-1 - -20) + -35 + 151 + -108.
27
Calculate 1 + 34 + -41 + 37 - 28.
3
What is the value of 2 + (-13 - (-10 + 17 + (6 - 5) - 16))?
-3
What is 27 - (((14 - 5) + 10 - 16) + -11)?
35
What is -23 + (9 - (-12 + 23 + -18)) + 8?
1
What is the value of (196 + -383 - -186) + (-1 + 1 - -41)?
40
(0 - 2) + -90 + -29 + (-46 - -71)
-96
32 - (-104 + 66 + -26)
96
-3 + (-7 + 3 - 2) + -18 + (41 - 19)
-5
Evaluate 0 + 31 + -17 + -1 + (-110 - -119) + 12.
34
What is 25 - (-163 + (157 - 68))?
99
What is -11 + (-11 - -46) + -2 - (114 - -12)?
-104
What is the value of 38 - (-12 - -17) - 27 - (25 + -4)?
-15
What is the value of 92 - (4 + 6 - -6 - (35 - (18 - -6)))?
87
Calculate (-16 + 7 + 24 - (16 - 19)) + -9 + 77.
86
What is the value of 2 - (27 - 2) - (-52 + 1)?
28
Calculate 11 + (-28 - (-3 - 15)) + -22 + 5 + 2.
-14
What is 7 - 1 - (14 + (6 - (37 + -23)))?
0
-94 - (-102 + 29) - (-85 - 2)
66
-86 - (-7 + 8) - (39 + 0)
-126
Evaluate -26 + (-51 + 55 - 13).
-35
What is the value of (-1 + -1 - -16) + (-87 - -45) + -29?
-57
-2 + 0 - 5 - (-98 - (-8 - 56))
27
Calculate (11 - 121 - -213) + -153.
-50
Evaluate -27 - (-22 - 25) - 17 - (46 - -3).
-46
Evaluate -95 + -124 + 78 + 204.
63
What is 39 + (-30 - -28 - (2 + (2 - 22)))?
55
What is the value of (-138 - ((-21 - 20) + 78)) + 43?
-132
What is (7 - 3) + -4 - (4 + -2 + -3 + 33)?
-32
What is the value of -12 - ((15 - (-9 - -22)) + -1) - -1?
-12
Evaluate -14 + 16 - -3 - ((8 - 13) + -4).
14
Calculate -28 + (80 - (104 - 73)).
21
What is -27 - (83 + 31 + -66)?
-75
Calculate (-24 - -89) + (-30 - (-26 - -12) - -8).
57
Calculate -17 + 3 + 3 - -3 - (-80 + 47).
25
Evaluate (53 - (-75 + 53)) + -92.
-17
Calculate 11 - (16 + (-59 - -99)).
-45
Calculate -1 + 0 + -43 + -8 + 79.
27
Calculate (-5 - (38 - 25)) + 12.
-6
What is -128 + -5 - (3009 - 3016)?
-126
Evaluate ((12 - 12) + 4 - 6) + (8 - 4) + 51.
53
Evaluate -12 + (-51 - (-89 - -45)).
-19
Evaluate 14 + (-32 - 17) + 39.
4
159 - 205 - (-20 - 1) - 2
-27
Calculate 1 + 6 + (-423 - -435) + (-2 - -28).
45
Evaluate ((-1 - -6) + -5 - (204 - 135)) + -2.
-71
-11 - (0 + 23 - ((51 - 72) + 28))
-27
(6 - (-5 + 2)) + -9 - (-4 + -48 - -9)
43
44 - (0 + 86 + -99)
57
What is 0 - 11 - (-4 - -3) - (-371 + 371)?
-10
What is -29 + (8 - -46) + (-23 - 3)?
-1
Evaluate 12 + 2 + (660 - 677).
-3
What is the value of (91 - (1 + 6)) + -26 + 16 + -7?
67
Calculate -1 + -13 - (-13 + (0 - -14) + -56 - 2).
43
What is the value of 7 + 98 + -44 - 113?
-52
What is the value of (-1 - (-12 - -32)) + 24 - -1?
4
Calculate 86 - (-4230 + 4215 - ((-2 - 24) + 2)).
77
Calculate 0 + (44 - 0) + -5489 + 5474.
29
What is the value of (6 - 4) + 3 + (-4 - 18)?
-17
What is (-20 + 14 - (-4 + 1 + -14)) + -60 - -5?
-44
-6 + 11 + 2 + -3 + -33 + -1
-30
Calculate 7 + 178 - (68 - -29 - 61).
149
What is -17 + (-40 - (25 - 6))?
-76
(67 + 11 + -43 - -37) + -18
54
1 + 1 + 68 + 2 - (-54 - (-35 - 27))
64
What is the value of (22 - -1) + -883 + 845?
-15
Evaluate (-12 - (-21 - 10)) + -3 + (-5 + 10 - 63).
-42
-4 + (1 - -4) + (92 - (-96 - -105))
84
Calculate -10 + (-10 + 16 - 11 - 10 - (3 + -15)).
-13
Calculate -115 + -20 + 173 + -126.
-88
Calculate 672 + -662 - (46 - (-2 - 0)).
-38
-27 + 5 + 11 + (-6 - 31)
-48
What is (-74 - -98 - (1 - -33)) + (-3 - (3 - 30))?
14
Calculate 5 + (0 + -20 - (324 + -358)).
19
Calculate -4911 + 4940 - (12 + (0 + -3 - 0)).
20
Evaluate 14 - (0 - (2 - 123) - (72 + -69 + 0)).
-104
Calculate -11 + 1 + 152 + -114 + (2 - 25).
5
Calculate (44 - 8) + (-180 - (-47 + 13)).
-110
What is the value of 25 + (-18 - -20) + 10 + -3?
34
What is (26 - 12) + -33 - (-17 + 89) - (2 + -8)?
-85
42 + (-18 - 38) + 134
120
What is (21 - (31 + -10 + -15)) + 56?
71
What is the value of (4943 - 4948) + (51 - -1)?
47
What is the value of (14 - -97) + -148 + 1 + -10?
-46
Evaluate -105 + 134 + -17 + -12 + 0 + -88.
-88
Calculate 122 - (-31 - (-291 + 57)).
-81
What is the value of -28 - -16 - (1 - 14) - 3 - 10?
-12
What is -1 + 33 + (60 - 33) + -46?
13
What is -2 + ((29 - (23 + -22)) + (-8 - 1) - 0)?
17
What is the value of (7 - 13) + 14 + (7 + 6 - 7)?
14
Evaluate 2 + -36 - (1 + (0 - -7)).
-42
(2 - 6 - (-1 + 1)) + -26 + -17 + 69
22
What is the value of -11 + (16 - ((-4 - -6) + 6) - 27)?
-30
What is the value of -40 + 55 + 6 + 24?
45
What is the value of 150 - (162 + -19) - (-38 + 0)?
45
Calculate 22 + -75 + 58 + -99 + (0 - 5 - 0).
-99
Calculate (-142 - 1) + 232 + (-221 - -29).
-103
Calculate (-62 - -119) + 72 - 78.
51
What is the value of -58 + (7 + -25 - -27) + 14?
-35
0 + 1 + 0 + (5 - -1) + (-62 - -124)
69
What is the value of 44 + (-92 - -40) - -22?
14
What is the value of -10 - (8 - 28) - (-7 + 4 + 4 + 1)?
8
What is the value of (2 - -9 - (5 - (10 - 6 - 0))) + -35?
-25
Calculate -111 + -12 + 74 - 64.
-113
What is (179 - (113 + 4)) + -36?
26
What is the value of 28 + -5 - ((17 + -14 - -9) + 1)?
10
What is the value of -4 - ((27 - 8) + -61 + 50)?
-12
What is 5 + (-5 - -7) + (-16 + 18 - 2)?
7
Evaluate (1 - -11) + (-5 - -1 - (38 + -3 + 31)).
-58
-1 + -1 + 26 + -25 + -38
-39
-5 + 17 + -4 - (-2920 + 2905)
23
What is the value of -72 - (8 + (-6 - (1 + -12 - -21)))?
-64
Evaluate 7 + 13 + -15 + -3 + -6 + -93.
-97
(-11 - -19) + -24 + 41 - 89
-64
65 + (59 - 111) + -63
-50
Calculate -38 - (32 - (-21 + 27 + -4)).
-68
Calculate -111 + 57 + 33 + -44.
-65
Calculate 0 + -24 + 11 + 36 - 72.
-49
Evaluate -4 + (4 - -11) + 1350 + -1352.
9
What is -62 + -38 - -124 - -48?
72
What is the value of (2 + 19 - (231 - 192)) + 9 - -100?
91
Calculate (1 - (-32 + 27)) + 18 - 27.
-3
Calculate -86 + 60 + (-20 - -133).
87
What is the value of -206 + (98 - 97) + 70 - (-1 - -6 - 1)?
-139
What is (-114 + 55 - -52) + (58 - -2) + 0 + 1?
54
(-84 - -84) + -58 + 5 + -18
-71
What is -403 + 417 - (-2 - (2 + (-4 - 2) - 55))?
-43
Calculate -15 - (-36 - (53 - 113)).
-39
Evaluate -5 - (((-2 - 6) + 13 - 4) + 21).
-27
What is the value of 21 - (84 + -31 + 58)?
-90
-48 + 34 + (-10 - (20 + -120))
76
What is ((9 - 7) + 0 - (-51 + 34)) + -107?
-88
What is 42 + 2 + -38 + 12?
18
(84 - -3) + (-86 - -17)
18
What is the value of -4 + -1 + 4 + 154 + -216?
-63
Calculate (-70 - -69) + 2 - -20.
21
130 + -73 + (-27 - -3)
33
What is the value of (-16 - 6 - (-4 + 2)) + 264 + -249?
-5
Evaluate -23 + 77 - (6 + 2 + -7 + -14).
67
Calculate 13 + -103 + (8 - (-2 + -6)).
-74
Calculate (7 - (6 + -7)) + (7 - -26 - 21).
20
-41 - (231 - 210 - (61 - 1))
-2
(-57 + (105 - 54) - (1 - 4)) + -42
-45
Evaluate 2 + -1 + (-44 - -77) + -39.
-5
What is (-3 + 2 - (-57 + 46)) + -21 + -31?
-42
What is (17 - 11 - -6) + -5 + (-22 - (6 + -2))?
-19
Evaluate (2 - 16 - -26) + -22 + 19 - 0.
9
What is the value of -79 - (-95 + 26 + 59)?
-69
What is (2 - 17) + (-35 + 91 - 45)?
-4
(-2 - 10) + -166 + 200
22
(36 - 37) + 10 - 35
-26
Calculate (-18 - 12 - (-31 + (9 - -4))) + -37.
-49
(24 - 27) + (-14 - -10 - ((-5 - -7) + -8))
-1
What is 5 - (26 - (16 - (21 + 13)))?
-39
Evaluate -6 - (-3 - 2 - -3) - (-12 - (13 + -10)).
11
-2 + -3 - (-13 - (-65 + 41) - 115)
99
What is 27 + -1 + -38 - (18 - 5)?
-25
Calculate -42 + 5 + -1 - (-19 + 2 - (102 - 112)).
-31
What is the value of 47 - (-20 + (34 - 15)) - (0 - (-1 + 12))?
59
(25 - 5) + 1 + -44 + 14
-9
What is -62 + 12 + (-85 - -123)?
-12
(-348 - -330) + 9 + 11 + -1 + 3
4
What is (2 - -7 - 14 - -2) + 12 + -11?
-2
7 - (40 + (13 + -24 - -8) - -11)
-41
What is the value of (-26 - 12) + 11 - (-78 - -74)?
-23
Calculate (51 + -36 - 23) + 5 + -10 + (2 - 5).
-16
Evaluate 32 + -18 - (4 - (-5 - 1)).
4
Evaluate -34 + 97 + -63 + (24 - -1).
25
What is the value of 19 + -2 + 16 + -22 - -31 - (-10 - 0)?
52
What is 42 + (-28 - -28 - 82)?
-40
(9 - (76 + 9 - 9